 28021. What is the ten thousands digit of f?
1
Suppose -14*h = -482323 + 102195. What is the units digit of h?
2
Suppose g - 6569 = 2*l + 42, 3*g + 4*l - 19873 = 0. What is the units digit of g?
9
Let s(v) = -24843*v - 105. What is the ten thousands digit of s(-1)?
2
Let q be (-62)/(-155) - 28/(-5). What is the hundreds digit of -10*3/q + 337?
3
Let s(p) = -32 + 92*p**3 + 48 - 9*p - 27*p**3. What is the hundreds digit of s(3)?
7
Let k = -82 - -178. Let p(x) = -15*x + 8. Let w be p(3). Let y = k + w. What is the units digit of y?
9
Suppose 21*b - 4864343 = -62*b - 26*b. What is the thousands digit of b?
4
Let x(k) = -k**3 + 78*k**2 - 336*k - 121. What is the hundreds digit of x(71)?
3
Let w(f) be the first derivative of 23*f**4/2 - f**3 + 5*f**2/2 - 6*f - 117. What is the thousands digit of w(3)?
1
Let n be 1108/((-2 + 1)*1). Let u = 2041 + n. What is the tens digit of u?
3
Suppose -632*l = 132*l + 15572849 - 68314061. What is the units digit of l?
3
Suppose 6*c - 8*c = -123168. What is the tens digit of c/104 - 4/26?
9
Let u be (-2)/18*-2 + (-461824)/396. Let r = u - -2036. What is the tens digit of r?
7
Let x(o) = 440*o**3 - 5*o**2 + 5*o - 1. Let m be x(2). Suppose 3 = 3*z, 325 - m = -5*b - 4*z. What is the tens digit of b?
3
What is the units digit of ((-50)/(-35))/((-24)/(-22008))?
0
Let y = -56 - -61. Suppose -k + 4*a + 11 = 3*a, 4*a = -y*k + 82. Suppose -5*j = s + k, -s = 3*j + j + 9. What is the units digit of s?
1
Let a = 8436 + -2267. What is the hundreds digit of a?
1
Suppose c = -47 + 46. What is the hundreds digit of c*(-3353)/14*(3 + -1)?
4
Let g = 57 + -59. Let b be -20*(g - (4/(-8) + -1)). Suppose -13*r + b*r + 345 = 0. What is the units digit of r?
5
Let v(f) = -f - 7. Let g be v(-12). Suppose 24 = 3*o - y, -g*o + 48 = -o + 4*y. Suppose 0 = 4*i + o*i - 2977. What is the hundreds digit of i?
2
Let n = -49 - 243. Let d be (6/(60/(-335)))/((-5)/(-10)). Let b = d - n. What is the hundreds digit of b?
2
Let o(p) = p**2 - 7*p + 3. Let v be o(7). Let k be (-33)/(-22)*8/v. Suppose 5*j = k*j + 22. What is the units digit of j?
2
Let k(s) = 11*s**3 - 5*s**2 - 5*s + 1. Let m be k(3). What is the tens digit of -3 + (-4)/(-4)*m + 3?
3
Let h = -1249 - -567. Let x = h + 1694. What is the thousands digit of x?
1
Let u = -671 - -481. What is the hundreds digit of 4 + u/45 - (-2297)/9?
2
Suppose 539 + 2191 = 6*l. Suppose -l - 8771 = -7*z. What is the tens digit of z?
1
What is the ten thousands digit of 2216/(-1939) - 349218/(-14)?
2
Let n be (-5 - -1) + 7 - 0. Let y be 26/((-60)/16 - -4). Let g = y + n. What is the hundreds digit of g?
1
Let s(i) = i**3 + 3*i**2 + 11*i - 5. Suppose y = 5*y + 5*j + 6, 2*y = 3*j - 14. Let n be s(y). What is the units digit of (21/6)/(n/(-32) + -2)?
2
Suppose b = 4*b + 3. Let u be 3/(-18) - 380/24. What is the tens digit of u/b + 2 + -3?
1
Suppose 3*d - 7697 = s, -3*d - 6*s + 7677 = -3*s. What is the thousands digit of d?
2
Let n = 136 + 2002. What is the units digit of n?
8
Let q(k) = -2*k**3 - 13*k**2 + 18*k - 176. What is the thousands digit of q(-18)?
6
Suppose 8*l + 155 = 7*l. Suppose 2*s = v - 588, -3*v = -5*s - 7*v - 1444. Let h = l - s. What is the tens digit of h?
3
What is the hundreds digit of (-1)/(-4)*(-320)/(-80)*(2 - -22259)?
2
Suppose 18 = 2*o + 4*a, -4*o + 2*a + 75 = 29. Let w(d) = 2*d**2 - 5*d + 8. What is the hundreds digit of w(o)?
1
What is the tens digit of 5/((-20)/(-80288)) - (91 - 97)?
7
Suppose 2524 + 3551 = 5*h. Let x = -720 + h. Suppose -89 = -z - 4*u, -11*z + 6*z + 5*u = -x. What is the units digit of z?
7
Let c(t) = 2*t**3 - 27*t**2 - 125*t - 564. What is the tens digit of c(32)?
2
Let t = -323 + 617. Let k = 7 + t. What is the tens digit of k?
0
Let t = 6595 + 7857. What is the units digit of t?
2
Let w = -223 + 228. Suppose 4*a - 5*i - 2668 = 0, w*a - i - 3326 = 3*i. What is the tens digit of a?
6
Let t(s) = s**3 - 12*s**2 + s - 9. Let z be t(12). Suppose -3*f + 210 = -z*a, -152 = -2*f - 5*a + a. Let b = f + -37. What is the tens digit of b?
3
Suppose 0 = -245*p + 391072 + 1546008 + 428885. What is the tens digit of p?
5
Suppose -f - 6 = -3*f, -2*f = -4*k + 49046. What is the units digit of k?
3
Let b(u) = -11*u + 15. Let d be b(-1). Suppose 29 + d = l. What is the tens digit of l?
5
Suppose -3*w + 4*w = 0. Let k = -10652 - -10852. Suppose y - 67 = 4*c, -4*y - c + w*c = -k. What is the tens digit of y?
5
Let k(t) = -4*t - 6. Let g be k(-2). Let j(z) be the second derivative of 11*z**4/6 + 13*z**3/6 - z**2/2 - 14*z. What is the units digit of j(g)?
3
Suppose 0 = 7*k + 282 - 205. Let m(z) = -z**3 - 2*z**2 - 6*z - 11. What is the units digit of m(k)?
4
Let u(c) = 12*c**2 + 123*c - 3. What is the hundreds digit of u(-23)?
5
Suppose -113*s + 431226 + 168126 = 0. What is the units digit of s?
4
Suppose 3*g - 33865 - 4372 = -7*b, 2*b - 10942 = -3*g. What is the units digit of b?
9
Suppose 29*m - 4 = 27*m. Suppose 5*v - m*w = 3207, v + 2*w + 390 = 1041. What is the hundreds digit of v?
6
Let m(p) = 2*p + 52. Let w be m(-8). Suppose 6*v - w = 12*v. What is the units digit of v/4 - (195/(-10) - 4)?
2
Let g(x) = 13*x**2 + 41*x - 9. Suppose 3*o + 9 = -3*z, -3*z = -4*z - 3*o + 7. What is the units digit of g(z)?
5
Let m(f) = f**2 - 19*f + 13. Let p be m(21). Let s be (-2)/(-11) + (5 - 1935/p). What is the tens digit of 168 - (18/s + 36/10)?
6
Let n(h) = 26*h - 194. Let u(t) = -2*t + 96. Let x be u(33). What is the units digit of n(x)?
6
What is the thousands digit of 434102/9 - (20 - (-2576)/(-126))?
8
Let y(h) = 4893*h - 187. What is the units digit of y(1)?
6
Suppose -2*o - 4 = 0, -2*x - o + 4858 = 3*x. Suppose 0 = 16*k - x - 884. Suppose -5*b = n - 43, 2*n - b = 4*b + k. What is the units digit of n?
3
Suppose 41*d - 38*d + 3*g = 70242, 2*d - 4*g = 46852. What is the hundreds digit of d?
4
Let o(s) = -30*s + 740 - 836 - 43*s. What is the hundreds digit of o(-14)?
9
Let p = -25271 + 55499. Suppose p = 63*l - 41*l. What is the units digit of l?
4
Suppose -16*r = -20*r + o + 125884, -157355 = -5*r + 6*o. What is the hundreds digit of r?
4
Let m be (-287)/(-4) + (-1)/(-4). Suppose 0 = 4*f + v - 334, -5*f - v + 259 = -159. Suppose 2*w + d - f = -3*d, -2*w + m = d. What is the units digit of w?
4
Suppose -2*j - 181*w + 22393 = -182*w, 4*w + 55978 = 5*j. What is the thousands digit of j?
1
Let j = 12866 - -4688. What is the units digit of j?
4
Suppose k + 532 = -4*p + 5*k, 3*k + 429 = -3*p. Let a = p - -289. What is the units digit of a?
1
Let s = -15 - 12. Suppose -221 = -9*o + 265. Let j = o + s. What is the tens digit of j?
2
Let h(i) = -291*i + 103. Let c be h(-9). Suppose -c = -4*r - 366. What is the tens digit of r?
8
Suppose 4*t + 5180 = 10*j - 11*j, t + 4*j = -1295. Let w = t - -2790. What is the thousands digit of w?
1
Let v(m) = 7*m - 29. Let h(r) = -3*r + 15. Let u(t) = -5*h(t) - 2*v(t). Let g be u(23). Let i = g + 75. What is the units digit of i?
1
Suppose 107*z - 20 = 112*z, 5*f - 235815 = 5*z. What is the tens digit of f?
5
Suppose -y - 3*v + 7 = 0, -16 = -5*y + v + 3*v. Suppose -2*n - 8 = y*h - n, -3*h - 6 = 4*n. What is the tens digit of (h - -1)/(2/(-264))?
3
Let f = 452 + 488. Suppose 0 = -942*k + f*k + 2122. What is the units digit of k?
1
Suppose 5*g + 42*m = 40*m + 11050, 5*g - m = 11050. What is the units digit of g?
0
Let t(z) = z**3 + 7*z**2 - 4*z - 5. Suppose 9 = -2*k + k. Let s be t(k). Let a = s - -295. What is the hundreds digit of a?
1
Let p(i) = i**3 + 7*i**2 + 8*i - 4. Let o be p(-5). Suppose -o*b = -657 + 87. Suppose 5*j = 4*w + b, -2*j + 4*w + 55 = -w. What is the tens digit of j?
1
Let b be -320 - 5*(-6 - -5). What is the tens digit of (-378)/b - (-1098)/10?
1
Suppose -43*y = -70*y + 130977 + 15930. What is the tens digit of y?
4
Let s(a) = 321*a**2 - 70*a + 214. What is the units digit of s(4)?
0
Let c(g) = 207*g - 9126. What is the hundreds digit of c(116)?
8
Suppose -122*t = -271*t + 823076. What is the thousands digit of t?
5
Let f = -347 + 3480. What is the hundreds digit of f?
1
Let q(f) = f**3 - 21*f**2 - 107*f - 749. What is the hundreds digit of q(42)?
8
Suppose -4*a - 4*i = 164, i - 183 - 34 = 5*a. Let v = a - -50. Suppose 0 = -z + v + 9. What is the units digit of z?
6
Suppose -5739 + 827 = -2*b. What is the hundreds digit of b?
4
Let s(y) = 1141*y 